- -91. List the prime factors of k.
109
List the prime factors of ((5830/(-4))/11)/((-3)/66).
5, 11, 53
Suppose 5*c = 5*i + 5775, -3*c + i = -2954 - 513. What are the prime factors of c?
2, 17
Let t(i) = 2*i**2 - 10*i - 12. Let p be t(7). Let d(b) = -b**2 + 23*b - 22. Let j be d(p). Suppose -18 = -3*g + j. What are the prime factors of g?
2, 3
Suppose -v + 2*v + 4*g = 281, v - 305 = 2*g. Let r be ((-20)/50)/(1/(-5)). Suppose -r*m - m = -v. List the prime factors of m.
3, 11
Let f(q) = q**3 - 10*q**2 + q + 9. Let s be f(8). Let m(j) = 25*j + 4. Let h be m(-6). Let z = s - h. What are the prime factors of z?
5, 7
Let i = 233 + -224. Let j(b) = -b**2 + 28*b + 31. List the prime factors of j(i).
2, 101
Let j(t) = -99*t + 3. Suppose -319*d = -310*d + 36. What are the prime factors of j(d)?
3, 7, 19
Let j = -10490 + 49247. What are the prime factors of j?
3, 12919
Let c = 12 - -37. Suppose -249 = -5*w - c. What are the prime factors of w?
2, 5
Let u(c) = c**3 - 5*c**2 + 3*c + 7. Let h be u(4). Let z(m) = 8*m**2 + 3 + 3 - h*m**2 - m - 3*m**2. What are the prime factors of z(-6)?
2, 3, 7
Suppose 4*j = 8*j + 56. Let h(b) = -1. Let z(l) = -l**2 - 17*l + 13. Let y(a) = 6*h(a) + z(a). List the prime factors of y(j).
7
Let k = -9 - -14. Suppose k*l = -4*z + 1727, 4*l - 1353 = -3*z - 59. List the prime factors of z.
2, 3, 73
Suppose y + 0*y = -h - 281, 2*y + 838 = -3*h. Let l = h - -503. What are the prime factors of l?
227
Let b be (51678/10)/3 - (-36)/(-60). Let x = b + -1042. List the prime factors of x.
2, 5, 17
Let n(y) = 95*y**2 + 3*y + 35 - 27 - 20. What are the prime factors of n(-3)?
2, 3, 139
Let t(y) = 2*y**3 + 67*y**2 + 82*y - 177. What are the prime factors of t(-26)?
41, 191
Suppose -3*n - 3*b = -2736, -7*n + 11*n = -3*b + 3645. List the prime factors of n.
3, 101
Let b = -10 + 9. Let v be -2 + (-26)/(-1) + 2 + b. Suppose -h = -17 - v. List the prime factors of h.
2, 3, 7
Let v = -15 + 71. Let l be (-32)/v + (3336/7)/1. Suppose 89 = 5*b - l. What are the prime factors of b?
113
Let v be (18/(-10))/((-9)/105) + 4. Suppose -v*f = -24*f - 305. List the prime factors of f.
5, 61
Let w(z) be the third derivative of z**4/2 - 47*z**3/6 - z**2. Suppose 0 = q - 3, -5*q + 11 - 29 = -3*l. What are the prime factors of w(l)?
5, 17
List the prime factors of (306/36)/(-17) + 1850/4.
2, 3, 7, 11
Suppose 4 = j - 0. Suppose -671 = -9*m + 6*m - 5*h, -j*h + 4 = 0. List the prime factors of m.
2, 3, 37
Let d = -287 - -66. Let j = d - -390. What are the prime factors of j?
13
Let v = 212 + -209. Let u(g) = 45*g + 9. What are the prime factors of u(v)?
2, 3
List the prime factors of 8/9*(-51)/4*904797/(-414).
17, 31, 47
Suppose 647*v - 14666411 = -9*v + 35989909. List the prime factors of v.
2, 3, 5, 11, 13
Let s = -308 + 334. Suppose 0 = s*x + 13*x - 40638. List the prime factors of x.
2, 521
Let a = 28 - 26. Suppose 8*v = -a*m + 4*v + 50, 0 = v + 4. List the prime factors of m.
3, 11
Suppose 5*g + 1714 = -3*b - 223, -4*b = g + 384. Let z be ((-221)/26 - -9) + 2234/4. Let a = z + g. List the prime factors of a.
3, 19
Suppose -3*c = -14*c + 8965. What are the prime factors of -6*c/20*-2?
3, 163
Suppose -5*s - 10*f + 7*f = 25, -4*f + 12 = s. List the prime factors of (s - 1191 - 1)/(1*-1).
2, 3, 5
Let a = 44 - 41. Suppose 5*r + 497 = 4*b, a*r + r - 652 = -5*b. Suppose 0 = -5*m + b + 332. List the prime factors of m.
2, 23
Let p be -3 - (-3 - 4 - 1). Suppose p*q = 5*y + 955, 0*y + 4*y - 955 = -5*q. What are the prime factors of q?
191
Let o(h) = 3*h. Let u be o(4). Suppose n = 6*g - 4497, 0 = g + 7*n - u*n - 735. List the prime factors of g.
2, 3, 5
Let a(f) = 41*f + 1789. List the prime factors of a(13).
2, 3, 43
Let j be (-3)/((-13)/(-4) - 4). Suppose -j*i - 2 = -3*c - 16, 4*i = c + 18. Suppose x - c*x = -14. What are the prime factors of x?
2, 7
Let w be (-4)/((-16)/44) + -3. Suppose a - 6 = -a + 3*p, 3*a = 5*p + w. Suppose 3*c + 2*g - 3*g = 12, a = 3*c - 3*g. What are the prime factors of c?
5
Let f be 39 - (-11 - 1)/(-4). Let s be (f/45)/((-2)/15). List the prime factors of s/(-15) + (-474)/(-15).
2
Let s(b) = b**2 - 3*b + 3. Let k = -3 - 2. Let r be (2 + (k - 2))*1. List the prime factors of s(r).
43
Let r(g) = -10*g + 30. Let x be r(11). What are the prime factors of (-2966)/(-5) - (-3 - x/25)?
593
Suppose -4 - 116 = -24*x. Suppose b = -2*i + 434, -x*i - 4*b + 3*b = -1085. What are the prime factors of i?
7, 31
Let y be 77 + -1 + -2 + 4. Let w be (18*7)/(y/(-104)). List the prime factors of w/(-2) - 48/12.
2, 5
Let n = -136 + 120. Let y be (2 + 1*-4)/(n/24). List the prime factors of (1/y)/(4/1632).
2, 17
Let z be (-3)/(-8 + 5) + 3. Let m be 20/(-8)*4/(-5). Suppose 224 = 4*b - 4*w, b - 59 = m*w - z. List the prime factors of b.
3, 19
Suppose -3*q - 2*u = -22, -4*u = -0*q - q + 12. Suppose -a + q = a. Suppose 89 = 3*m - a*k, -15 = -3*m - k + 49. List the prime factors of m.
23
Let o(y) = -5*y + 1. Let m be o(1). Let s = 1339 + -1337. What are the prime factors of m/(-12)*291*2/s?
97
Suppose 58*f - 59*f + 2*i + 14589 = 0, 0 = -5*i - 25. What are the prime factors of f?
61, 239
Suppose -13*m - 2*c = -11*m - 36, 2 = m + 5*c. List the prime factors of (-4)/m + (-11 - 81455/(-121)).
2, 331
Suppose 12*a = 2*a + 680. Let g = -129 - -201. Let z = a + g. What are the prime factors of z?
2, 5, 7
Suppose 5*x - 3*p = 132524, -5*x = 5*p - 141740 + 9160. List the prime factors of x.
7, 541
Suppose 4*t + 46223 = 5*v - 72223, -v - 3*t + 23712 = 0. What are the prime factors of v?
2, 3, 11, 359
Suppose 154840 = 4*n + 4*k, 193574 = 2091*n - 2086*n + 2*k. List the prime factors of n.
2, 3, 239
Let h = -14 - -14. Suppose 9 = -3*f, 4*s - 3*s - 3*f + 573 = h. List the prime factors of (s/9)/((-2)/3).
97
Suppose -125*y + 4915112 = -135513. What are the prime factors of y?
5, 8081
What are the prime factors of (50/(-20))/((-5)/24688)?
2, 1543
Suppose 7*i - 307 = 4299. What are the prime factors of 11/44 + (-44)/(-32)*i?
5, 181
Let c be 2/7 + 33/7. Suppose 5*v - 10 = -2*g, 10 - 50 = -c*v + 4*g. Suppose -v*h + 180 = -3*n, 4*n - 68 = -4*h + 2*h. List the prime factors of h.
2, 3, 7
Suppose 0 = -3385*f + 3401*f - 214320. List the prime factors of f.
3, 5, 19, 47
Let h(m) = -m**2 + 22*m - 87. Let c be h(14). Suppose -1512 = 22*k - c*k. List the prime factors of k.
2, 3, 7
Let g be (-15)/(-3) - -2*438/(-12). What are the prime factors of ((-10761)/g)/((-6)/(-40))?
5, 211
Let v(p) = p**3 - 8*p**2 + 9*p - 8. Let d be v(7). Suppose -w + 8 - d = 0. Suppose 0 = -w*c + 6*z - z + 48, 4*c - 3*z = 110. What are the prime factors of c?
29
Let a(z) = -2455*z - 5509. List the prime factors of a(-15).
2, 7829
Let v = 11277 + -9613. What are the prime factors of v?
2, 13
Let i be (1/(-1))/(-2 - (2 - 5)). Let q be 2*2/4*i*-3. Suppose 0 = -4*j - 2*u + 688, -5*j = -q*u + u - 869. What are the prime factors of j?
173
Let v(d) be the first derivative of -d**4/4 + 5*d**3 + 25*d**2 - 13*d + 143. What are the prime factors of v(16)?
3, 59
Suppose 361*i = 110*i + 16811729. What are the prime factors of i?
11, 6089
Suppose 0 = 12*f - 6*f + 6. What are the prime factors of 177*f*(-5 - (0 + -4))?
3, 59
Let n(k) = k**2 + 8*k - 5. Let z(l) = 4*l + 29. Let u be z(-10). What are the prime factors of n(u)?
2, 7
What are the prime factors of (6/33 - (-1 + 2333154/(-66))) + -1?
23, 29, 53
Let d(g) = -258*g - 283. List the prime factors of d(-16).
5, 769
Let m be (-84)/(-9) - (-10)/15. Let z be 76/6*15/m. Let n = z + 9. What are the prime factors of n?
2, 7
What are the prime factors of -3436*(95/10)/(-19)?
2, 859
Let f(l) = -l**3 + 6*l**2 + 9*l - 16. Let o be 3 + (16*-1)/(-4). Let a be f(o). What are the prime factors of 4 + ((-365)/a - (-2)/(-4))?
2, 3, 31
Let d be 235 - 1 - (42 - 36). Suppose -9*i + 13*i - d = 0. List the prime factors of i.
3, 19
Suppose -8*t + 144 = -4*t. Suppose 0 = -9*p + 4*p - 3*i + t, -3*p - 4*i = -15. Suppose -p*m + 14*m = 320. List the prime factors of m.
2
Let r(i) = 17*i**2 - 10*i - 48. Let l be r(12). Suppose -10*a + 14*a = l. List the prime factors of a.
2, 3, 5, 19
Suppose -u - 4*s + 2411 = -0*u, -2*u = 4*s - 4826. Let d = -1442 + u. List the prime factors of d.
7, 139
Let q(c) = -c**3 + 3*c**2 + 6*c + 32. Let k be q(-6). Suppose 0 = 4*z - z - 2001. Suppose -2*x + 4*t = -k, 5*x = x - t 